
False
Is 13923658927 a composite number?
False
Is 26016965849 a prime number?
False
Is 4209808193 a prime number?
True
Is 5223130639 composite?
False
Is 122635343 a composite number?
False
Is 3292322497 prime?
True
Is 35205746639 prime?
False
Is 12222573809 composite?
False
Is 38709401179 composite?
False
Is 1400976197 a prime number?
True
Is 7178009051 a prime number?
True
Is 804140803 a prime number?
True
Is 8978794901 composite?
True
Is 2175864827 a composite number?
False
Is 1379815757 a prime number?
False
Is 475305269 a prime number?
True
Is 4683405677 a prime number?
True
Is 357835739 a composite number?
False
Is 36719092299 composite?
True
Is 12157377271 prime?
False
Is 4570093747 composite?
False
Is 607105799 prime?
True
Is 3974212163 composite?
False
Is 1884267799 a composite number?
False
Is 180622341167 prime?
False
Is 696020011 composite?
False
Is 2199828871 a composite number?
True
Is 9841162739 a prime number?
False
Is 14077841101 a composite number?
True
Is 806508281 prime?
True
Is 13367674769 a prime number?
True
Is 1108745377 a composite number?
True
Is 760878631 a composite number?
False
Is 125844881 prime?
False
Is 116369225803 composite?
True
Is 14162990917 composite?
False
Is 20783306147 a composite number?
False
Is 59402487839 a composite number?
False
Is 13925993431 prime?
False
Is 4090023199 a composite number?
False
Is 13516702151 composite?
False
Is 722589851 prime?
True
Is 1836545773 a prime number?
True
Is 12952790527 a prime number?
True
Is 8128995541 composite?
False
Is 1986099161 composite?
False
Is 210450939982 composite?
True
Is 73404901 a prime number?
False
Is 12032480443 prime?
True
Is 19103554633 a prime number?
True
Is 2514415417 a prime number?
True
Is 12668809913 prime?
True
Is 5234623651 a prime number?
True
Is 289832999 composite?
False
Is 88325241107 composite?
False
Is 518534617 a composite number?
False
Is 228782123 a prime number?
True
Is 2334900283 prime?
True
Is 1089985297 composite?
True
Is 1600129493 a composite number?
False
Is 565867099 a composite number?
True
Is 23859164003 prime?
True
Is 447559591 a composite number?
False
Is 1047516127 a composite number?
True
Is 715071239 a composite number?
True
Is 24296218537 composite?
True
Is 352672387 a prime number?
False
Is 203621659 a prime number?
False
Is 846847697 composite?
False
Is 26281346917 composite?
True
Is 70410803227 a composite number?
False
Is 5259422263 composite?
True
Is 20501086949 prime?
False
Is 107747965783 a composite number?
True
Is 9506645 a prime number?
False
Is 11424124249 prime?
True
Is 9652734653 composite?
True
Is 22127165231 composite?
False
Is 56331101 prime?
False
Is 54784647877 prime?
True
Is 2068158901 a composite number?
False
Is 4460523439 composite?
False
Is 9870993931 composite?
False
Is 2291832021 a composite number?
True
Is 951589973 a composite number?
False
Is 46267997 prime?
False
Is 11688151567 prime?
True
Is 859954339 a composite number?
True
Is 650446807 a prime number?
True
Is 932582921 a composite number?
False
Is 398043467 composite?
True
Is 13824471097 a prime number?
True
Is 1273154117 composite?
True
Is 620023991 composite?
True
Is 109550539957 composite?
True
Is 3076700819 prime?
True
Is 18780260647 a composite number?
True
Is 71375362511 a prime number?
True
Is 11151547553 a prime number?
True
Is 535279133 a prime number?
True
Is 566183621 composite?
False
Is 9451964239 prime?
True
Is 614492873 prime?
False
Is 4761462269 composite?
True
Is 8815761173 a prime number?
False
Is 76588196767 a prime number?
False
Is 6805520369 composite?
True
Is 139065551 prime?
False
Is 1197059447 a composite number?
False
Is 765147941 composite?
False
Is 656979293 a prime number?
False
Is 15595048967 prime?
False
Is 262180969 composite?
False
Is 7403677231 a composite number?
True
Is 17705511331 composite?
False
Is 676443811 a composite number?
False
Is 11793813349 prime?
True
Is 607846483 prime?
False
Is 9030350983 a prime number?
False
Is 29915037109 prime?
True
Is 55562669947 a prime number?
False
Is 1179646087 prime?
True
Is 81532380131 a composite number?
False
Is 1885691443 composite?
True
Is 953483339 a composite number?
False
Is 10559002789 a prime number?
True
Is 22527659569 a prime number?
False
Is 1286055473 prime?
True
Is 24156311 prime?
False
Is 4886902253 a composite number?
True
Is 610861949 a composite number?
False
Is 225639571 composite?
False
Is 960008641 a composite number?
True
Is 13346484863 a prime number?
True
Is 8162838209 a composite number?
True
Is 1108020439 prime?
True
Is 864622259 prime?
True
Is 34383407867 prime?
True
Is 3924008078 a prime number?
False
Is 3897774113 composite?
True
Is 275810761 prime?
False
Is 66081863111 prime?
False
Is 18255071077 a composite number?
False
Is 13153901 prime?
True
Is 198546358891 prime?
True
Is 14299109501 a composite number?
False
Is 1941263357 a composite number?
True
Is 494290739 a composite number?
False
Is 136385312033 a prime number?
True
Is 3163919527 prime?
True
Is 160741157 composite?
True
Is 5835350903 a prime number?
False
Is 3509734441 a composite number?
True
Is 18506412599 a composite number?
False
Is 2125793269 prime?
True
Is 1100939989 a prime number?
True
Is 45721894703 composite?
False
Is 1313021179 prime?
True
Is 2297951 a prime number?
True
Is 3078894439 prime?
True
Is 3944416159 a prime number?
True
Is 60711855803 prime?
True
Is 10931939057 composite?
True
Is 215359505 a composite number?
True
Is 236885933 a prime number?
True
Is 10843502951 a prime number?
False
Is 498799507 prime?
False
Is 221496869 prime?
False
Is 568348034 a prime number?
False
Is 189807881 composite?
False
Is 122234111 a composite number?
False
Is 9801593345 a prime number?
False
Is 6143128633 composite?
True
Is 1076936261 a prime number?
True
Is 316493011 a composite number?
False
Is 2371102743 prime?
False
Is 4762498421 composite?
False
Is 14577002081 prime?
True
Is 1039029443 prime?
False
Is 1657146991 composite?
False
Is 43973021 prime?
False
Is 7706692067 prime?
True
Is 1540841477 a composite number?
True
Is 4594153229 composite?
False
Is 511577243 prime?
False
Is 17383632911 a composite number?
True
Is 5926353893 prime?
False
Is 29460986543 prime?
False
Is 1594429657 prime?
False
Is 689637133 composite?
True
Is 5561281261 a composite number?
True
Is 104130413 composite?
False
Is 3556589467 a composite number?
True
Is 392211151 prime?
False
Is 5511102349 a composite number?
True
Is 8533183567 a composite number?
True
Is 372366079487 a prime number?
True
Is 321627842 composite?
True
Is 74302006769 composite?
False
Is 376172399 composite?
True
Is 24114802757 a prime number?
True
Is 2802443851 a composite number?
False
Is 25999657547 composite?
False
Is 539217113 prime?
False
Is 1420280773 composite?
True
Is 70494640901 a prime number?
False
Is 13494114691 a prime number?
False
Is 1106070659 a composite number?
True
Is 1577226779 a prime number?
True
Is 4353461737 a composite number?
False
Is 5045115299 composite?
True
Is 583865047 prime?
True
Is 1316283613 composite?
False
Is 478024559 composite?
False
Is 365183849 prime?
False
Is 9524923 a prime number?
True
Is 15664928498 a composite number?
True
Is 87508651 prime?
True
Is 7858892199 composite?
True
Is 113013129623 a composite number?
True
Is 4551518827 prime?
True
Is 61201421 a prime number?
False
Is 742252217 prime?
False
Is 5337834653 a composite number?
False
Is 5514242277 prime?
False
Is 4298735677 prime?
True
Is 8716486193 a composite number?
False
Is 4034749571 a prime number?
False
Is 17049061009 a prime number?
True
Is 650985373 prime?
True
Is 15226968043 composite?
True
Is 8496909838 a prime number?
False
Is 3473065889 composite?
False
Is 843786743 composite?
False
Is 515019563 a composite number?
True
Is 1110384797 composite?
False
Is 44343205303 a prime number?
False
Is 1076364269 a prime number?
False
Is 11003651633 a composite number?
True
Is 225320437 a prime number?
False
Is 11059431947 a composite number?
False
Is 554631023731 prime?
True
Is 107656686853 a prime number?
False
Is 1069183753 prime?
False
Is 1053354647 prime?
False
Is 2016189431 prime?
True
Is 356799167 a prime number?
True
Is 1324227067 a prime number?
False
Is 570152447 prime?
True
Is 1029148849 composite?
True